{"id":294,"date":"2017-08-31T21:26:11","date_gmt":"2017-08-31T21:26:11","guid":{"rendered":"http:\/\/fahrschule-schaefer-schluechtern.de\/?page_id=294"},"modified":"2021-07-04T13:15:09","modified_gmt":"2021-07-04T13:15:09","slug":"tim-schaefer","status":"publish","type":"page","link":"http:\/\/fahrschule-schaefer-schluechtern.de\/?page_id=294","title":{"rendered":"Tim Schaefer"},"content":{"rendered":"<p>Tim Schaefer ist Fahrlehrer &amp; Motorradfahrer aus Leidenschaft. Jede freie Minute verbringt er auf dem Zweirad oder in der Garage zwecks Fahrzeugpflege. Im Winter zeigt er regelrechte Entzugserscheinungen.<\/p>\n<p><a href=\"http:\/\/fahrschule-schaefer-schluechtern.de\/wp-content\/uploads\/2021\/07\/Tim.jpg\"><img loading=\"lazy\" class=\"aligncenter size-full wp-image-641\" src=\"http:\/\/fahrschule-schaefer-schluechtern.de\/wp-content\/uploads\/2021\/07\/Tim.jpg\" alt=\"\" width=\"423\" height=\"487\" srcset=\"http:\/\/fahrschule-schaefer-schluechtern.de\/wp-content\/uploads\/2021\/07\/Tim.jpg 423w, http:\/\/fahrschule-schaefer-schluechtern.de\/wp-content\/uploads\/2021\/07\/Tim-261x300.jpg 261w\" sizes=\"(max-width: 423px) 100vw, 423px\" \/><\/a><\/p>\n<p>Bis 2010 studierte er an der Universit\u00e4t Kassel Englisch, Mathematik und Religionsp\u00e4dagogik f\u00fcr den Grundschulzweig, entschied sich dann aber 2011 f\u00fcr eine Fahrlehrerausbildung und bereut es nicht.<\/p>\n<p>Musik war neben Fahrzeugen schon immer seine gro\u00dfe Leidenschaft. Privat singt er in der \u00f6rtlichen Rocknroll Band \u201cThe Shaved\u201c und freut sich jedes Jahr auf die Teilnahme an regionalen Festivals.<\/p>\n<p>Sein Grundgedanke war schon immer \u201cKlasse statt Masse\u201c.<br \/>\nIhm ist eine p\u00e4dagogisch sinnvolle Ausbildung &amp; ein reflektiertes Nachgespr\u00e4ch wichtiger, als reine Massenabfertigung. Deswegen auch sein <a href=\"http:\/\/fahrschule-schaefer-schluechtern.de\/?page_id=145\">Workshop Konzept<\/a> \u2013 Theoretischer Unterricht mit p\u00e4dagogisch sinnvollem Aufbau in nicht zu gro\u00dfen Gruppen.<br \/>\nEs geht nicht nur darum, die Pr\u00fcfung zu bestehen. Es geht darum, jungen Menschen etwas mit auf den Weg zu geben.<\/p>\n","protected":false},"excerpt":{"rendered":"<p>Tim Schaefer ist Fahrlehrer &amp; Motorradfahrer aus Leidenschaft. Jede freie Minute verbringt er auf dem Zweirad oder in der Garage zwecks Fahrzeugpflege. Im Winter zeigt er regelrechte Entzugserscheinungen. Bis 2010 studierte er an der Universit\u00e4t Kassel Englisch, Mathematik und Religionsp\u00e4dagogik f\u00fcr den Grundschulzweig, entschied sich dann aber 2011 f\u00fcr eine Fahrlehrerausbildung und bereut es nicht. &hellip; <\/p>\n<p class=\"link-more\"><a href=\"http:\/\/fahrschule-schaefer-schluechtern.de\/?page_id=294\" class=\"more-link\"><span class=\"screen-reader-text\">&#8222;Tim Schaefer&#8220;<\/span> weiterlesen<\/a><\/p>\n","protected":false},"author":1,"featured_media":0,"parent":0,"menu_order":0,"comment_status":"closed","ping_status":"closed","template":"","meta":[],"_links":{"self":[{"href":"http:\/\/fahrschule-schaefer-schluechtern.de\/index.php?rest_route=\/wp\/v2\/pages\/294"}],"collection":[{"href":"http:\/\/fahrschule-schaefer-schluechtern.de\/index.php?rest_route=\/wp\/v2\/pages"}],"about":[{"href":"http:\/\/fahrschule-schaefer-schluechtern.de\/index.php?rest_route=\/wp\/v2\/types\/page"}],"author":[{"embeddable":true,"href":"http:\/\/fahrschule-schaefer-schluechtern.de\/index.php?rest_route=\/wp\/v2\/users\/1"}],"replies":[{"embeddable":true,"href":"http:\/\/fahrschule-schaefer-schluechtern.de\/index.php?rest_route=%2Fwp%2Fv2%2Fcomments&post=294"}],"version-history":[{"count":6,"href":"http:\/\/fahrschule-schaefer-schluechtern.de\/index.php?rest_route=\/wp\/v2\/pages\/294\/revisions"}],"predecessor-version":[{"id":642,"href":"http:\/\/fahrschule-schaefer-schluechtern.de\/index.php?rest_route=\/wp\/v2\/pages\/294\/revisions\/642"}],"wp:attachment":[{"href":"http:\/\/fahrschule-schaefer-schluechtern.de\/index.php?rest_route=%2Fwp%2Fv2%2Fmedia&parent=294"}],"curies":[{"name":"wp","href":"https:\/\/api.w.org\/{rel}","templated":true}]}}

<p>Tim Schaefer ist Fahrlehrer &amp; Motorradfahrer aus Leidenschaft. Jede freie Minute verbringt er auf dem Zweirad oder in der Garage zwecks Fahrzeugpflege. Im Winter zeigt er regelrechte Entzugserscheinungen.</p>
<p><a href="http://fahrschule-schaefer-schluechtern.de/wp-content/uploads/2021/07/Tim.jpg"><img loading="lazy" class="aligncenter size-full wp-image-641" src="http://fahrschule-schaefer-schluechtern.de/wp-content/uploads/2021/07/Tim.jpg" alt="" width="423" height="487" srcset="http://fahrschule-schaefer-schluechtern.de/wp-content/uploads/2021/07/Tim.jpg 423w, http://fahrschule-schaefer-schluechtern.de/wp-content/uploads/2021/07/Tim-261x300.jpg 261w" sizes="(max-width: 423px) 100vw, 423px" /></a></p>
<p>Bis 2010 studierte er an der Universität Kassel Englisch, Mathematik und Religionspädagogik für den Grundschulzweig, entschied sich dann aber 2011 für eine Fahrlehrerausbildung und bereut es nicht.</p>
<p>Musik war neben Fahrzeugen schon immer seine große Leidenschaft. Privat singt er in der örtlichen Rocknroll Band “The Shaved“ und freut sich jedes Jahr auf die Teilnahme an regionalen Festivals.</p>
<p>Sein Grundgedanke war schon immer “Klasse statt Masse“.<br />
Ihm ist eine pädagogisch sinnvolle Ausbildung &amp; ein reflektiertes Nachgespräch wichtiger, als reine Massenabfertigung. Deswegen auch sein <a href="http://fahrschule-schaefer-schluechtern.de/?page_id=145">Workshop Konzept</a> – Theoretischer Unterricht mit pädagogisch sinnvollem Aufbau in nicht zu großen Gruppen.<br />
Es geht nicht nur darum, die Prüfung zu bestehen. Es geht darum, jungen Menschen etwas mit auf den Weg zu geben.</p>

<p>Tim Schaefer ist Fahrlehrer &amp; Motorradfahrer aus Leidenschaft. Jede freie Minute verbringt er auf dem Zweirad oder in der Garage zwecks Fahrzeugpflege. Im Winter zeigt er regelrechte Entzugserscheinungen. Bis 2010 studierte er an der Universität Kassel Englisch, Mathematik und Religionspädagogik für den Grundschulzweig, entschied sich dann aber 2011 für eine Fahrlehrerausbildung und bereut es nicht. &hellip; </p>
<p class="link-more"><a href="http://fahrschule-schaefer-schluechtern.de/?page_id=294" class="more-link"><span class="screen-reader-text">&#8222;Tim Schaefer&#8220;</span> weiterlesen</a></p>
